 divided by 240?
236
Calculate the remainder when 178 is divided by 10.
8
Calculate the remainder when 33 is divided by 21.
12
What is the remainder when 1286 is divided by 108?
98
What is the remainder when 327 is divided by 34?
21
What is the remainder when 27 is divided by 14?
13
What is the remainder when 4800 is divided by 21?
12
What is the remainder when 221 is divided by 47?
33
Calculate the remainder when 87 is divided by 23.
18
What is the remainder when 156 is divided by 48?
12
Calculate the remainder when 59 is divided by 4.
3
Calculate the remainder when 568 is divided by 158.
94
What is the remainder when 3375 is divided by 3375?
0
Calculate the remainder when 47 is divided by 44.
3
What is the remainder when 1155 is divided by 135?
75
Calculate the remainder when 1886 is divided by 185.
36
What is the remainder when 73 is divided by 24?
1
Calculate the remainder when 1157 is divided by 300.
257
What is the remainder when 1309 is divided by 32?
29
Calculate the remainder when 371 is divided by 183.
5
What is the remainder when 834 is divided by 60?
54
Calculate the remainder when 1722 is divided by 69.
66
Calculate the remainder when 186 is divided by 38.
34
What is the remainder when 236 is divided by 15?
11
What is the remainder when 342 is divided by 17?
2
Calculate the remainder when 100 is divided by 3.
1
What is the remainder when 599 is divided by 15?
14
What is the remainder when 2609 is divided by 12?
5
What is the remainder when 704 is divided by 235?
234
Calculate the remainder when 429 is divided by 103.
17
What is the remainder when 4421 is divided by 33?
32
Calculate the remainder when 152 is divided by 39.
35
Calculate the remainder when 24 is divided by 21.
3
Calculate the remainder when 254 is divided by 17.
16
Calculate the remainder when 481 is divided by 22.
19
What is the remainder when 48 is divided by 12?
0
Calculate the remainder when 110 is divided by 23.
18
Calculate the remainder when 1591 is divided by 445.
256
Calculate the remainder when 1301 is divided by 321.
17
Calculate the remainder when 479 is divided by 12.
11
What is the remainder when 622 is divided by 62?
2
Calculate the remainder when 1465 is divided by 42.
37
What is the remainder when 356 is divided by 54?
32
Calculate the remainder when 136 is divided by 130.
6
What is the remainder when 2350 is divided by 387?
28
What is the remainder when 115 is divided by 20?
15
Calculate the remainder when 230 is divided by 100.
30
What is the remainder when 15982 is divided by 22?
10
Calculate the remainder when 687 is divided by 59.
38
Calculate the remainder when 689 is divided by 77.
73
What is the remainder when 564 is divided by 8?
4
Calculate the remainder when 1868 is divided by 22.
20
What is the remainder when 720 is divided by 223?
51
Calculate the remainder when 161 is divided by 54.
53
What is the remainder when 1634 is divided by 181?
5
Calculate the remainder when 341 is divided by 68.
1
Calculate the remainder when 65 is divided by 5.
0
Calculate the remainder when 1537 is divided by 81.
79
Calculate the remainder when 30 is divided by 4.
2
Calculate the remainder when 334 is divided by 50.
34
What is the remainder when 127 is divided by 61?
5
Calculate the remainder when 83 is divided by 9.
2
What is the remainder when 304 is divided by 50?
4
Calculate the remainder when 701 is divided by 44.
41
What is the remainder when 3458 is divided by 10?
8
What is the remainder when 2944 is divided by 735?
4
Calculate the remainder when 74 is divided by 39.
35
What is the remainder when 5414 is divided by 39?
32
Calculate the remainder when 124 is divided by 32.
28
Calculate the remainder when 325 is divided by 35.
10
What is the remainder when 3244 is divided by 59?
58
What is the remainder when 114 is divided by 51?
12
Calculate the remainder when 1758 is divided by 44.
42
What is the remainder when 62 is divided by 57?
5
What is the remainder when 520 is divided by 29?
27
What is the remainder when 17 is divided by 7?
3
Calculate the remainder when 483 is divided by 9.
6
What is the remainder when 770 is divided by 113?
92
Calculate the remainder when 179 is divided by 41.
15
Calculate the remainder when 634 is divided by 203.
25
Calculate the remainder when 3475 is divided by 94.
91
Calculate the remainder when 515 is divided by 52.
47
Calculate the remainder when 98 is divided by 27.
17
What is the remainder when 47 is divided by 11?
3
What is the remainder when 1501 is divided by 43?
39
Calculate the remainder when 144 is divided by 43.
15
What is the remainder when 506 is divided by 13?
12
What is the remainder when 146 is divided by 8?
2
What is the remainder when 3207 is divided by 22?
17
Calculate the remainder when 1123 is divided by 49.
45
Calculate the remainder when 59 is divided by 16.
11
Calculate the remainder when 147 is divided by 19.
14
What is the remainder when 215 is divided by 33?
17
What is the remainder when 211 is divided by 4?
3
What is the remainder when 107 is divided by 38?
31
What is the remainder when 5844 is divided by 136?
132
Calculate the remainder when 16 is divided by 10.
6
Calculate the remainder when 240 is divided by 27.
24
What is the remainder when 164 is divided by 86?
78
Calculate the remainder when 4406 is divided by 32.
22
What is the remainder when 39 is divided by 23?
16
Calculate the remainder when 87 is divided by 52.
35
What is the remainder when 777 is divided by 51?
12
Calculate the remainder when 27006 is divided by 113.
112
Calculate the remainder when 1145 is divided by 230.
225
What is the remainder when 2224 is divided by 738?
10
Calculate the remainder when 31 is divided by 9.
4
What is the remainder when 5720 is divided by 51?
8
Calculate the remainder when 151 is divided by 52.
47
What is the remainder when 50 is divided by 5?
0
What is the remainder when 691 is divided by 334?
23
Calculate the remainder when 162 is divided by 39.
6
Calculate the remainder when 269 is divided by 91.
87
What is the remainder when 808 is divided by 391?
26
Calculate the remainder when 78 is divided by 18.
6
What is the remainder when 60 is divided by 30?
0
Calculate the remainder when 2543 is divided by 150.
143
Calculate the remainder when 16 is divided by 14.
2
Calculate the remainder when 3397 is divided by 34.
31
Calculate the remainder when 500 is divided by 56.
52
Calculate the remainder when 855 is divided by 148.
115
What is the remainder when 356 is divided by 242?
114
What is the remainder when 8691 is divided by 2895?
6
What is the remainder when 361 is divided by 46?
39
What is the remainder when 429 is divided by 24?
21
Calculate the remainder when 300 is divided by 79.
63
What is the remainder when 912 is divided by 397?
118
Calculate the remainder when 371 is divided by 62.
61
Calculate the remainder when 218 is divided by 108.
2
What is the remainder when 59 is divided by 37?
22
What is the remainder when 34173 is divided by 178?
175
Calculate the remainder when 436 is divided by 44.
40
What is the remainder when 61 is divided by 37?
24
Calculate the remainder when 5340 is divided by 5327.
13
What is the remainder when 932 is divided by 309?
5
Calculate the remainder when 455 is divided by 19.
18
Calculate the remainder when 1085 is divided by 11.
7
Calculate the remainder when 16683 is divided by 206.
203
Calculate the remainder when 109 is divided by 20.
9
What is the remainder when 774 is divided by 108?
18
What is the remainder when 35 is divided by 28?
7
What is the remainder when 1636 is divided by 40?
36
What is the remainder when 61 is divided by 41?
20
What is the remainder when 168 is divided by 2?
0
Calculate the remainder when 115 is divided by 60.
55
Calculate the remainder when 3071 is divided by 32.
31
Calculate the remainder when 1028 is divided by 207.
200
What is the remainder when 95 is divided by 69?
26
Calculate the remainder when 250 is divided by 43.
35
What is the remainder when 176 is divided by 43?
4
What is the remainder when 10 is divided by 3?
1
What is the remainder when 500 is divided by 9?
5
What is the remainder when 53 is divided by 14?
11
Calculate the remainder when 57 is divided by 21.
15
What is the remainder when 544 is divided by 177?
13
W